8856)) a prime number?
True
Suppose 2*t - 169 - 557 = 0. Let p = -2073 + t. Let j = -1207 - p. Is j composite?
False
Suppose 3*h - 2172075 = -2*d - 352010, -h = -3. Suppose -16*n = -44*n + d. Is n prime?
False
Suppose -32*i = -34*i, 0 = 4*x - 5*i - 24. Suppose w = -4*r + 8865, r - x*r - 26578 = -3*w. Is w prime?
True
Let h = -47 - -31. Let p be 1/2*-1 - 584/h. Is p*21 - ((-9)/(-3) + -2) composite?
True
Suppose 0 = 90*j - 75*j - 327030. Suppose 0 = 10*a - 144992 + j. Is a a prime number?
False
Suppose -9293 - 109515 = -8*f. Is f composite?
False
Suppose 5*r + o - 15367 = 0, r = -5*o + 240 + 2843. Suppose -7*z + 2142 = -r. Is z a composite number?
True
Let h be 18/72 + 671/4. Is (5524/6)/(h/27 + -6) a composite number?
True
Let j(o) = -217*o - 237. Is j(-22) a composite number?
True
Let y = 31 + -12. Suppose 2438 = -y*p + 18*p. Is (-10)/5 - -1 - p a prime number?
True
Suppose 11*o + 5*o = 1667840. Let a = 4 + -1. Suppose 0 = a*n - 19*n + o. Is n a composite number?
True
Suppose 4*g - l - 3222 - 818 = 0, 2*l = -4*g + 4052. Let z = g - -2560. Is z prime?
True
Suppose 0 = 10*o + 2*o - 12. Is (2 - o)/(3/6189) composite?
False
Let w(o) = -1537*o - 2. Suppose -5*z + 4 = 3*q, -2*q + 4*z - 42 = -8. Is w(q) prime?
False
Let z = 20649 + 500. Suppose -z - 13979 = -8*j. Is j prime?
True
Let p be (-1 + -2)/(((-4)/(-6))/(-2)). Let k be p/3 + -2 + (-1 - -1794). Suppose -5*o - k = -11*o. Is o a prime number?
False
Let x be 39/18 + 4/(-24). Suppose -2*c = q - 821, x*q - 210 = 3*c + 1411. Suppose -2*w + 5*f = -3 - q, 3*w = -5*f + 1277. Is w a prime number?
True
Let a = 37970 + 11964. Is a composite?
True
Suppose -9*n + 152 = -154. Let l = -32 + n. Suppose 5*y + 1204 = 2*h, 376 + 816 = l*h + y. Is h a composite number?
True
Let v(c) be the second derivative of -c**4/12 - 44*c**3/3 + 29*c**2/2 - 5*c - 33. Is v(-42) a prime number?
False
Is 84/(-2688) - 111082950/(-192) a prime number?
False
Let q be 153/(-68)*(-7 + -1). Suppose -q*g + 6 = -15*g. Is 1/(-1 + 0)*g + 141 composite?
False
Let o(a) = 3*a + 108. Let v be o(-38). Is v/(-9)*-3*978/(-12) composite?
False
Let z = 4572 - 3695. Is z prime?
True
Let n(u) = 1547*u**2 - 3*u + 7. Let s be n(2). Let i = 9554 - s. Is i a composite number?
True
Suppose -69551 = -i + 4*c, c = 19 - 22. Is i a composite number?
False
Suppose -3*b - 4*x + 1762207 = 0, -b + 13*x = 14*x - 587405. Is b composite?
False
Let y be 135 + (3 - 8 - 3/(-1)). Is (y/57)/((-1)/(-5721)) prime?
False
Let f = -3279 + 5726. Is f prime?
True
Suppose -4*z - 11 = -43. Let d(o) = -o**3 - o. Let p(q) = 3*q**3 + 13*q**2 - 4*q - 5. Let x(s) = -5*d(s) - p(s). Is x(z) a prime number?
True
Let o(v) be the first derivative of 2*v**3/3 + 25*v**2/2 - 9*v + 32. Let y be o(-13). Suppose 10*i - 338 = -3*j + 6*i, y*j - 414 = 2*i. Is j a prime number?
False
Let u = 129736 - 16835. Is u a prime number?
True
Let z(a) = 5*a + 4. Let k be z(-1). Let t be (-10)/(-15)*(-6)/k. Suppose 0 = y + t*y - 4*m - 1125, 4*y - 4*m = 904. Is y prime?
False
Is (4 + 2/(32/(-72)))*2 + 417692 a composite number?
False
Let w be -15 + 42 - (-4)/(-12)*3. Suppose 0 = w*p - 99313 - 34509. Is p a prime number?
True
Let r(c) = 159*c**2 + 3*c + 44. Let v be r(-6). Let m = 5073 + v. Is m composite?
True
Let x(i) = 796*i - 54. Let k(q) = -398*q + 27. Let u(l) = -5*k(l) - 2*x(l). Is u(4) a composite number?
True
Let s(n) = 86*n**2 - 5*n + 11. Let i = 20 + -15. Let g be s(i). Let c = -1271 + g. Is c composite?
True
Let m = 2563 + 18310. Is m a composite number?
False
Suppose 0 = h + 4*r - 3 - 15, 4*r - 22 = -3*h. Let y(c) = 701*c - 5. Let l be y(h). Suppose l = 2*w - 5*n, 5*w - 873 - 2637 = -5*n. Is w a prime number?
True
Let r(n) = -8827*n - 427. Is r(-78) a prime number?
False
Suppose 3*b + 2*p = 55563, 0 = -4*b - 5*p + 35777 + 38321. Is b composite?
False
Suppose -7*k - 110 = 3*k. Let p = k + 11. Suppose -4*l + 38 = -3*l - w, 4*l - 2*w - 146 = p. Is l composite?
True
Suppose 98490 = 3*x - 0*x - 3*c, 5*x - 164147 = 4*c. Suppose 23*o + x = 40*o. Is o a composite number?
False
Let a be (-490)/14*(0 + 6/(-7)). Let u be a/2*3/18*2. Suppose t = -u*y + 15363, -6*t + 6138 = 2*y - 2*t. Is y prime?
False
Suppose -11*p = -16*p - 2280. Let q = 47 - p. Is q a composite number?
False
Let l(n) = 693*n + 16. Let i be l(3). Let p = i - 1086. Is p a composite number?
False
Let n be (-50)/18 + 3 + 488/72. Suppose n*s - 11078 = 3*s + 5*x, 2761 = s + 3*x. Is s a composite number?
False
Is 14634993/764*(-16)/(-6) prime?
False
Suppose -36*r + 34*r = 5*q - 438649, -5*q + 657956 = 3*r. Is r prime?
False
Let s be ((-13)/(-3))/((-24)/360). Let n = s - -78. Let j(o) = 5*o - 6. Is j(n) a composite number?
False
Suppose 4 = 2*i, -5*k - 13*i + 7*i + 532937 = 0. Is k composite?
True
Let j = 1516061 + 747818. Is j composite?
False
Let f = 9520 + 60771. Is f a prime number?
False
Let j = -58231 - -133554. Suppose 74607 = 2*w - j. Is w/58 + (-1)/(-2) a prime number?
False
Let k = 156334 - 49907. Is k composite?
False
Suppose 0 = 5*g - z + 5*z - 615, -2*g + 2*z = -228. Let r = -60 + 142. Let a = g - r. Is a prime?
True
Let v(w) = -1800*w**3 - 2*w - 1. Suppose -5*b - 2*d = -147, 3*d - 4*d = 2*b - 59. Suppose 0 = -4*k + 20, 4*k - b + 7 = 2*a. Is v(a) composite?
False
Is 1*1/6 + 2528347/(-4182)*-527 composite?
True
Let j(f) = 90*f**2 + 4*f - 17. Suppose -55 = -5*d - 10. Is j(d) composite?
False
Let h = 90721 - 52178. Is h prime?
True
Let d(i) be the third derivative of i**5/30 - i**4/12 + 19*i**3/6 - 26*i**2. Is d(-6) composite?
False
Let j = -1560 + 1154867. Is j composite?
True
Let w(p) = 223*p**2 - 2*p + 2. Let z = 135 + -154. Let n(i) = -3*i - 59. Let m be n(z). Is w(m) a composite number?
True
Suppose -14*h + 8*h = -1026. Suppose -3*q = -b + h, -q = -2*q + 4. Let p = b + 104. Is p composite?
True
Let z = -166222 - -234879. Is z a prime number?
False
Let z = -207036 - -552449. Is z a prime number?
True
Let z(w) = -w**3 + 3*w**2 + 6*w - 2. Let l be z(9). Let o be 6 + (6/4)/((-57)/380). Is o + 7/1 - l a prime number?
False
Let q be 18/81 - (-4)/(-18). Let i(b) = -4*b - 3500. Let z be i(q). Is 3/(1 + z/3512) a prime number?
False
Suppose 48*v - 24*v = 47*v - 16941547. Is v prime?
False
Suppose -38*u - 40 = 2*u. Is 4/((-2)/u)*(-1189)/(-2) composite?
True
Let b = 259695 + -40738. Is b prime?
False
Suppose -3*m + 15 = 4*z - 37, -2*m - 5*z + 37 = 0. Suppose m + 9 = 5*n. Suppose 0 = n*g + 12*g - 3791. Is g composite?
False
Let v be -2*(97125/6 + -4). Let n = v + 92378. Is n composite?
True
Suppose -6*n = -8 + 8. Suppose 3*z + 1284 - 177 = n. Let a = 868 + z. Is a prime?
True
Is 0 + 1617581/11 - (-1308)/7194 a composite number?
True
Suppose 0*s + 4*s - 9004 = 4*a, 2231 = s + 3*a. Let r = -4003 - -2596. Let d = s + r. Is d a prime number?
True
Let y(h) = 2345*h**3 - 11*h**2 - 6*h + 15. Is y(5) a composite number?
True
Let w(b) = 203*b**3 + 10*b**2 - 14*b + 84. Is w(11) a prime number?
True
Suppose 5*n + t + 268848 - 1428930 = 0, 5*n + 4*t - 1160058 = 0. Is n a composite number?
True
Let d = 81742 - -110925. Is d a composite number?
False
Let t(b) = 440*b + 13. Let j(c) = 1. Let d(x) = 4*j(x) - t(x). Let r be d(-9). Let o = -1406 + r. Is o a prime number?
False
Let i = -14 - 60. Let n = -69 - i. Suppose n*h - 3*b - 2182 = 0, -2*b - 1164 = -4*h + 582. Is h prime?
False
Let u(k) = 141*k - 119. Let h be u(6). Suppose -3*d + 4009 - h = -3*c, 5*c - 5500 = -5*d. Is d composite?
False
Is (-7 - 9)/8 + 83868 + -9 a prime number?
True
Suppose 2*f + 12 + 26 = 0. Let i(g) = g**3 + 19*g**2 - 35*g - 12. Is i(f) a prime number?
True
Suppose 33*b - 36*b = -5178. Suppose -7*g + b + 15445 = 0. Is g composite?
True
Suppose 3*s = -22 + 10. Let c be 2/(200/(-52) - s). Suppose c*q - 3059 - 6132 = 0. Is q a prime number?
False
Suppose 0 = 7*d - 6*d. Suppose -c + 5*c - 63880 = d. Suppose 5*f = -5*f + c. Is f prime?
True
Suppose -6 = 10*y - 26. Suppose -11*q + 3432 = y*q. Suppose -2*t = q - 1834. Is t composite?
True
Suppose -5*t + s = -49507, -4*s = 5*t - 51034 + 1512. Is t a prime number?
False
Suppose -5*f - 7*g + 3*g = 22775853, 2*f + 2*g + 9110340 = 0. Is f/(-315) - (-1 + 13/15) prime?
True
Let p(z) = z**3 - z + 400. Let g be p(0). Let o(v) = g*v + 31*v**2 - 400*v - 6. Is o(5) prime?
True
Let w(r) = 684*r + 1. Suppose -3*t - 62 + 8 = 0. Let l be -1 + 7/3 + 6/t. Is